{"id":242,"date":"2025-06-24T21:59:37","date_gmt":"2025-06-24T18:59:37","guid":{"rendered":"https:\/\/cimcime92.com\/?page_id=242"},"modified":"2025-10-31T17:22:53","modified_gmt":"2025-10-31T14:22:53","slug":"iletisim","status":"publish","type":"page","link":"https:\/\/cimcime92.com\/?page_id=242","title":{"rendered":"\u0130leti\u015fim"},"content":{"rendered":"<p data-start=\"340\" data-end=\"547\">Merhaba de\u011ferli ziyaret\u00e7imiz,<br data-start=\"369\" data-end=\"372\" \/>Cimcime3.com ekibi olarak sizlerle her zaman a\u00e7\u0131k bir ileti\u015fim i\u00e7inde olmay\u0131 \u00f6nemsiyoruz.<br data-start=\"461\" data-end=\"464\" \/>Herhangi bir konuda bize ula\u015fmak i\u00e7in a\u015fa\u011f\u0131daki e-posta adresini kullanabilirsiniz.<\/p>\n<p data-start=\"549\" data-end=\"634\">\ud83d\udce7 <strong data-start=\"552\" data-end=\"564\">E-posta:<\/strong> <a class=\"decorated-link cursor-pointer\" href=\"mailto:cimcimeiletisim@proton.me\" rel=\"noopener\" data-start=\"565\" data-end=\"634\">cimcimeiletisim@proton.me<\/a><\/p>\n<p data-start=\"636\" data-end=\"907\">E\u011fer sitemizde <strong data-start=\"651\" data-end=\"689\">ki\u015fisel mahremiyetinizi ihlal eden<\/strong> veya <strong data-start=\"695\" data-end=\"722\">rencide edici i\u00e7erikler<\/strong> bulundu\u011funu d\u00fc\u015f\u00fcn\u00fcyorsan\u0131z, l\u00fctfen durumu bize bildiriniz.<br data-start=\"781\" data-end=\"784\" \/>Ekibimiz 7 g\u00fcn 24 saat boyunca gelen talepleri de\u011ferlendirmekte ve <strong data-start=\"851\" data-end=\"907\">gerekli durumlarda i\u00e7erikleri derhal kald\u0131rmaktad\u0131r.<\/strong><\/p>\n<hr data-start=\"909\" data-end=\"912\" \/>\n<h3 data-start=\"914\" data-end=\"937\">\ud83c\udfe2 \u015eirket Bilgileri<\/h3>\n<p data-start=\"939\" data-end=\"1083\"><strong data-start=\"939\" data-end=\"972\">Cimcime3 \u2013 Netloop Media B.V.<\/strong><br data-start=\"972\" data-end=\"975\" \/>Kay\u0131t No: <strong data-start=\"985\" data-end=\"1000\">NL-23958423<\/strong><br data-start=\"1000\" data-end=\"1003\" \/>Adres: Keizersgracht 482, 1017EG, Amsterdam, Hollanda<br data-start=\"1056\" data-end=\"1059\" \/><strong data-start=\"1059\" data-end=\"1067\">VAT:<\/strong> NL23958423JPL<\/p>\n<p data-start=\"1085\" data-end=\"1167\">Bu bilgiler yaln\u0131zca yasal bildirim s\u00fcre\u00e7lerinde referans amac\u0131yla payla\u015f\u0131lm\u0131\u015ft\u0131r.<\/p>\n<hr data-start=\"1169\" data-end=\"1172\" \/>\n<h2 data-start=\"1174\" data-end=\"1212\">\ud83d\udce7 Contact (English)<\/h2>\n<p data-start=\"1214\" data-end=\"1305\">Hello dear visitors,<br data-start=\"1234\" data-end=\"1237\" \/>You can contact us anytime via email regarding any issue or concern.<\/p>\n<p data-start=\"1307\" data-end=\"1390\">\ud83d\udce7 <strong data-start=\"1310\" data-end=\"1320\">Email:<\/strong> <a class=\"decorated-link cursor-pointer\" href=\"mailto:cimcimeiletisim@proton.me\" rel=\"noopener\" data-start=\"1321\" data-end=\"1390\">cimcimeiletisim@proton.me<\/a><\/p>\n<p data-start=\"1392\" data-end=\"1651\">If you believe that any video or material on our website <strong data-start=\"1449\" data-end=\"1474\">violates your privacy<\/strong> or contains <strong data-start=\"1487\" data-end=\"1508\">offensive content<\/strong>, please contact us immediately.<br data-start=\"1540\" data-end=\"1543\" \/>Our support team is available <strong data-start=\"1573\" data-end=\"1581\">24\/7<\/strong>, and any legitimate request will be processed as quickly as possible.<\/p>\n","protected":false},"excerpt":{"rendered":"<p>Merhaba de\u011ferli ziyaret\u00e7imiz,Cimcime3.com ekibi olarak sizlerle her zaman a\u00e7\u0131k bir ileti\u015fim i\u00e7inde olmay\u0131 \u00f6nemsiyoruz.Herhangi bir konuda bize ula\u015fmak i\u00e7in a\u015fa\u011f\u0131daki e-posta adresini kullanabilirsiniz. \ud83d\udce7 E-posta: cimcimeiletisim@proton.me E\u011fer sitemizde ki\u015fisel mahremiyetinizi ihlal eden veya rencide edici i\u00e7erikler bulundu\u011funu d\u00fc\u015f\u00fcn\u00fcyorsan\u0131z, l\u00fctfen durumu bize bildiriniz.Ekibimiz 7 g\u00fcn 24 saat boyunca gelen talepleri de\u011ferlendirmekte ve gerekli durumlarda i\u00e7erikleri derhal [&hellip;]<\/p>\n","protected":false},"author":5,"featured_media":0,"parent":0,"menu_order":0,"comment_status":"closed","ping_status":"closed","template":"","meta":{"footnotes":""},"class_list":["post-242","page","type-page","status-publish","hentry"],"yoast_head":"<!-- This site is optimized with the Yoast SEO plugin v26.3 - https:\/\/yoast.com\/wordpress\/plugins\/seo\/ -->\n<title>\u0130leti\u015fim - Cimcime<\/title>\n<meta name=\"robots\" content=\"index, follow, max-snippet:-1, max-image-preview:large, max-video-preview:-1\" \/>\n<link rel=\"canonical\" href=\"https:\/\/cimcime92.com\/iletisim\/\" \/>\n<meta property=\"og:locale\" content=\"tr_TR\" \/>\n<meta property=\"og:type\" content=\"article\" \/>\n<meta property=\"og:title\" content=\"\u0130leti\u015fim - Cimcime\" \/>\n<meta property=\"og:description\" content=\"Merhaba de\u011ferli ziyaret\u00e7imiz,Cimcime3.com ekibi olarak sizlerle her zaman a\u00e7\u0131k bir ileti\u015fim i\u00e7inde olmay\u0131 \u00f6nemsiyoruz.Herhangi bir konuda bize ula\u015fmak i\u00e7in a\u015fa\u011f\u0131daki e-posta adresini kullanabilirsiniz. \ud83d\udce7 E-posta: cimcimeiletisim@proton.me E\u011fer sitemizde ki\u015fisel mahremiyetinizi ihlal eden veya rencide edici i\u00e7erikler bulundu\u011funu d\u00fc\u015f\u00fcn\u00fcyorsan\u0131z, l\u00fctfen durumu bize bildiriniz.Ekibimiz 7 g\u00fcn 24 saat boyunca gelen talepleri de\u011ferlendirmekte ve gerekli durumlarda i\u00e7erikleri derhal [&hellip;]\" \/>\n<meta property=\"og:url\" content=\"https:\/\/cimcime92.com\/iletisim\/\" \/>\n<meta property=\"og:site_name\" content=\"Cimcime\" \/>\n<meta property=\"article:modified_time\" content=\"2025-10-31T14:22:53+00:00\" \/>\n<meta property=\"og:image\" content=\"https:\/\/cimcime92.com\/wp-content\/uploads\/2025\/10\/cimcime-logo.png\" \/>\n\t<meta property=\"og:image:width\" content=\"1517\" \/>\n\t<meta property=\"og:image:height\" content=\"365\" \/>\n\t<meta property=\"og:image:type\" content=\"image\/png\" \/>\n<meta name=\"twitter:card\" content=\"summary_large_image\" \/>\n<script type=\"application\/ld+json\" class=\"yoast-schema-graph\">{\"@context\":\"https:\/\/schema.org\",\"@graph\":[{\"@type\":\"WebPage\",\"@id\":\"https:\/\/cimcime92.com\/iletisim\/\",\"url\":\"https:\/\/cimcime92.com\/iletisim\/\",\"name\":\"\u0130leti\u015fim - Cimcime\",\"isPartOf\":{\"@id\":\"https:\/\/cimcime92.com\/#website\"},\"datePublished\":\"2025-06-24T18:59:37+00:00\",\"dateModified\":\"2025-10-31T14:22:53+00:00\",\"breadcrumb\":{\"@id\":\"https:\/\/cimcime92.com\/iletisim\/#breadcrumb\"},\"inLanguage\":\"tr\",\"potentialAction\":[{\"@type\":\"ReadAction\",\"target\":[\"https:\/\/cimcime92.com\/iletisim\/\"]}]},{\"@type\":\"BreadcrumbList\",\"@id\":\"https:\/\/cimcime92.com\/iletisim\/#breadcrumb\",\"itemListElement\":[{\"@type\":\"ListItem\",\"position\":1,\"name\":\"Anasayfa\",\"item\":\"https:\/\/cimcime92.com\/\"},{\"@type\":\"ListItem\",\"position\":2,\"name\":\"\u0130leti\u015fim\"}]},{\"@type\":\"WebSite\",\"@id\":\"https:\/\/cimcime92.com\/#website\",\"url\":\"https:\/\/cimcime92.com\/\",\"name\":\"Cimcime\",\"description\":\"T\u00fcrk if\u015fa - Porno izle - AltYaz\u0131l\u0131 Sex izle\",\"publisher\":{\"@id\":\"https:\/\/cimcime92.com\/#organization\"},\"potentialAction\":[{\"@type\":\"SearchAction\",\"target\":{\"@type\":\"EntryPoint\",\"urlTemplate\":\"https:\/\/cimcime92.com\/?s={search_term_string}\"},\"query-input\":{\"@type\":\"PropertyValueSpecification\",\"valueRequired\":true,\"valueName\":\"search_term_string\"}}],\"inLanguage\":\"tr\"},{\"@type\":\"Organization\",\"@id\":\"https:\/\/cimcime92.com\/#organization\",\"name\":\"Cimcime\",\"url\":\"https:\/\/cimcime92.com\/\",\"logo\":{\"@type\":\"ImageObject\",\"inLanguage\":\"tr\",\"@id\":\"https:\/\/cimcime92.com\/#\/schema\/logo\/image\/\",\"url\":\"https:\/\/cimcime92.com\/wp-content\/uploads\/2025\/10\/cimcime-logo.png\",\"contentUrl\":\"https:\/\/cimcime92.com\/wp-content\/uploads\/2025\/10\/cimcime-logo.png\",\"width\":1517,\"height\":365,\"caption\":\"Cimcime\"},\"image\":{\"@id\":\"https:\/\/cimcime92.com\/#\/schema\/logo\/image\/\"}}]}<\/script>\n<!-- \/ Yoast SEO plugin. -->","yoast_head_json":{"title":"\u0130leti\u015fim - Cimcime","robots":{"index":"index","follow":"follow","max-snippet":"max-snippet:-1","max-image-preview":"max-image-preview:large","max-video-preview":"max-video-preview:-1"},"canonical":"https:\/\/cimcime92.com\/iletisim\/","og_locale":"tr_TR","og_type":"article","og_title":"\u0130leti\u015fim - Cimcime","og_description":"Merhaba de\u011ferli ziyaret\u00e7imiz,Cimcime3.com ekibi olarak sizlerle her zaman a\u00e7\u0131k bir ileti\u015fim i\u00e7inde olmay\u0131 \u00f6nemsiyoruz.Herhangi bir konuda bize ula\u015fmak i\u00e7in a\u015fa\u011f\u0131daki e-posta adresini kullanabilirsiniz. \ud83d\udce7 E-posta: cimcimeiletisim@proton.me E\u011fer sitemizde ki\u015fisel mahremiyetinizi ihlal eden veya rencide edici i\u00e7erikler bulundu\u011funu d\u00fc\u015f\u00fcn\u00fcyorsan\u0131z, l\u00fctfen durumu bize bildiriniz.Ekibimiz 7 g\u00fcn 24 saat boyunca gelen talepleri de\u011ferlendirmekte ve gerekli durumlarda i\u00e7erikleri derhal [&hellip;]","og_url":"https:\/\/cimcime92.com\/iletisim\/","og_site_name":"Cimcime","article_modified_time":"2025-10-31T14:22:53+00:00","og_image":[{"width":1517,"height":365,"url":"https:\/\/cimcime92.com\/wp-content\/uploads\/2025\/10\/cimcime-logo.png","type":"image\/png"}],"twitter_card":"summary_large_image","schema":{"@context":"https:\/\/schema.org","@graph":[{"@type":"WebPage","@id":"https:\/\/cimcime92.com\/iletisim\/","url":"https:\/\/cimcime92.com\/iletisim\/","name":"\u0130leti\u015fim - Cimcime","isPartOf":{"@id":"https:\/\/cimcime92.com\/#website"},"datePublished":"2025-06-24T18:59:37+00:00","dateModified":"2025-10-31T14:22:53+00:00","breadcrumb":{"@id":"https:\/\/cimcime92.com\/iletisim\/#breadcrumb"},"inLanguage":"tr","potentialAction":[{"@type":"ReadAction","target":["https:\/\/cimcime92.com\/iletisim\/"]}]},{"@type":"BreadcrumbList","@id":"https:\/\/cimcime92.com\/iletisim\/#breadcrumb","itemListElement":[{"@type":"ListItem","position":1,"name":"Anasayfa","item":"https:\/\/cimcime92.com\/"},{"@type":"ListItem","position":2,"name":"\u0130leti\u015fim"}]},{"@type":"WebSite","@id":"https:\/\/cimcime92.com\/#website","url":"https:\/\/cimcime92.com\/","name":"Cimcime","description":"T\u00fcrk if\u015fa - Porno izle - AltYaz\u0131l\u0131 Sex izle","publisher":{"@id":"https:\/\/cimcime92.com\/#organization"},"potentialAction":[{"@type":"SearchAction","target":{"@type":"EntryPoint","urlTemplate":"https:\/\/cimcime92.com\/?s={search_term_string}"},"query-input":{"@type":"PropertyValueSpecification","valueRequired":true,"valueName":"search_term_string"}}],"inLanguage":"tr"},{"@type":"Organization","@id":"https:\/\/cimcime92.com\/#organization","name":"Cimcime","url":"https:\/\/cimcime92.com\/","logo":{"@type":"ImageObject","inLanguage":"tr","@id":"https:\/\/cimcime92.com\/#\/schema\/logo\/image\/","url":"https:\/\/cimcime92.com\/wp-content\/uploads\/2025\/10\/cimcime-logo.png","contentUrl":"https:\/\/cimcime92.com\/wp-content\/uploads\/2025\/10\/cimcime-logo.png","width":1517,"height":365,"caption":"Cimcime"},"image":{"@id":"https:\/\/cimcime92.com\/#\/schema\/logo\/image\/"}}]}},"_links":{"self":[{"href":"https:\/\/cimcime92.com\/index.php?rest_route=\/wp\/v2\/pages\/242","targetHints":{"allow":["GET"]}}],"collection":[{"href":"https:\/\/cimcime92.com\/index.php?rest_route=\/wp\/v2\/pages"}],"about":[{"href":"https:\/\/cimcime92.com\/index.php?rest_route=\/wp\/v2\/types\/page"}],"author":[{"embeddable":true,"href":"https:\/\/cimcime92.com\/index.php?rest_route=\/wp\/v2\/users\/5"}],"replies":[{"embeddable":true,"href":"https:\/\/cimcime92.com\/index.php?rest_route=%2Fwp%2Fv2%2Fcomments&post=242"}],"version-history":[{"count":6,"href":"https:\/\/cimcime92.com\/index.php?rest_route=\/wp\/v2\/pages\/242\/revisions"}],"predecessor-version":[{"id":1892,"href":"https:\/\/cimcime92.com\/index.php?rest_route=\/wp\/v2\/pages\/242\/revisions\/1892"}],"wp:attachment":[{"href":"https:\/\/cimcime92.com\/index.php?rest_route=%2Fwp%2Fv2%2Fmedia&parent=242"}],"curies":[{"name":"wp","href":"https:\/\/api.w.org\/{rel}","templated":true}]}}