{"id":244,"date":"2025-06-24T21:59:55","date_gmt":"2025-06-24T18:59:55","guid":{"rendered":"https:\/\/cimcime92.com\/?page_id=244"},"modified":"2025-10-31T17:23:30","modified_gmt":"2025-10-31T14:23:30","slug":"telif-haklari","status":"publish","type":"page","link":"https:\/\/cimcime92.com\/?page_id=244","title":{"rendered":"Telif Haklar\u0131"},"content":{"rendered":"<h2 data-start=\"329\" data-end=\"363\">\u2696\ufe0f Telif Haklar\u0131 \u2014 Cimcime3.com<\/h2>\n<p data-start=\"365\" data-end=\"586\"><strong data-start=\"365\" data-end=\"381\">Cimcime3.com<\/strong>, 5651 say\u0131l\u0131 <strong data-start=\"395\" data-end=\"522\">\u0130nternet Ortam\u0131nda Yap\u0131lan Yay\u0131nlar\u0131n D\u00fczenlenmesi ve Bu Yay\u0131nlar Yoluyla \u0130\u015flenen Su\u00e7larla M\u00fccadele Edilmesi Hakk\u0131nda Kanun<\/strong> kapsam\u0131nda <strong data-start=\"534\" data-end=\"551\">yer sa\u011flay\u0131c\u0131<\/strong> s\u0131fat\u0131yla faaliyet g\u00f6stermektedir.<\/p>\n<p data-start=\"588\" data-end=\"607\">Bu yasa uyar\u0131nca;<\/p>\n<ul data-start=\"608\" data-end=\"957\">\n<li data-start=\"608\" data-end=\"761\">\n<p data-start=\"610\" data-end=\"761\">Cimcime3.com, bar\u0131nd\u0131rd\u0131\u011f\u0131 veya ba\u011flant\u0131 verdi\u011fi i\u00e7erikleri <strong data-start=\"670\" data-end=\"691\">\u00f6nceden denetleme<\/strong> ya da <strong data-start=\"698\" data-end=\"729\">hukuka ayk\u0131r\u0131l\u0131\u011f\u0131 ara\u015ft\u0131rma<\/strong> y\u00fck\u00fcml\u00fcl\u00fc\u011f\u00fcne sahip de\u011fildir.<\/p>\n<\/li>\n<li data-start=\"762\" data-end=\"957\">\n<p data-start=\"764\" data-end=\"957\">Ancak, telif hakk\u0131 ihlali veya hukuka ayk\u0131r\u0131 bir i\u00e7erik hakk\u0131nda <strong data-start=\"829\" data-end=\"857\">resm\u00ee bildirim yap\u0131lmas\u0131<\/strong> durumunda, ilgili i\u00e7erik <strong data-start=\"883\" data-end=\"957\">teknik olarak m\u00fcmk\u00fcn oldu\u011fu \u00f6l\u00e7\u00fcde en k\u0131sa s\u00fcrede yay\u0131ndan kald\u0131r\u0131l\u0131r.<\/strong><\/p>\n<\/li>\n<\/ul>\n<p data-start=\"959\" data-end=\"1131\">\ud83d\udce7 Telif hakk\u0131 sahipleri, iddialar\u0131n\u0131 ve kan\u0131tlar\u0131n\u0131 a\u015fa\u011f\u0131daki e-posta adresine iletebilirler:<br data-start=\"1053\" data-end=\"1056\" \/><strong data-start=\"1056\" data-end=\"1129\"><a class=\"decorated-link cursor-pointer\" href=\"mailto:cimcimeiletisim@proton.me\" rel=\"noopener\" data-start=\"1058\" data-end=\"1127\">cimcimeiletisim@proton.me<\/a><\/strong><\/p>\n<p data-start=\"1133\" data-end=\"1274\">Cimcime3.com, fikri m\u00fclkiyet haklar\u0131na sayg\u0131l\u0131d\u0131r ve t\u00fcm me\u015fru talepleri <strong data-start=\"1206\" data-end=\"1226\">\u201cuyar ve kald\u0131r\u201d<\/strong> prensibi \u00e7er\u00e7evesinde ivedilikle de\u011ferlendirir.<\/p>\n<hr data-start=\"1276\" data-end=\"1279\" \/>\n<h3 data-start=\"1281\" data-end=\"1328\">\ud83d\udcdc \u0130lgili Yasa (5651 Say\u0131l\u0131 Kanun, Madde 5)<\/h3>\n<p data-start=\"1330\" data-end=\"1762\"><strong data-start=\"1330\" data-end=\"1337\">(1)<\/strong> Yer sa\u011flay\u0131c\u0131, yer sa\u011flad\u0131\u011f\u0131 i\u00e7eri\u011fi kontrol etmek veya hukuka ayk\u0131r\u0131 bir faaliyetin s\u00f6z konusu olup olmad\u0131\u011f\u0131n\u0131 ara\u015ft\u0131rmakla y\u00fck\u00fcml\u00fc de\u011fildir.<br data-start=\"1480\" data-end=\"1483\" \/><strong data-start=\"1483\" data-end=\"1490\">(2)<\/strong> Yer sa\u011flay\u0131c\u0131, yer sa\u011flad\u0131\u011f\u0131 hukuka ayk\u0131r\u0131 i\u00e7erikten, ceza sorumlulu\u011funa ili\u015fkin h\u00fck\u00fcmler sakl\u0131 kalmak kayd\u0131yla, bu Kanunun 8. ve 9. maddelerine g\u00f6re haberdar edilmesi halinde ve teknik olarak imk\u00e2n bulundu\u011fu \u00f6l\u00e7\u00fcde, hukuka ayk\u0131r\u0131 i\u00e7eri\u011fi yay\u0131ndan kald\u0131rmakla y\u00fck\u00fcml\u00fcd\u00fcr.<\/p>\n<hr data-start=\"1764\" data-end=\"1767\" \/>\n<h2 data-start=\"1769\" data-end=\"1816\">\u2696\ufe0f Copyright Notice (English)<\/h2>\n<p data-start=\"1818\" data-end=\"2013\">Cimcime3.com operates as a <strong data-start=\"1845\" data-end=\"1865\">hosting provider<\/strong> under Article 5 of the <strong data-start=\"1889\" data-end=\"2013\">Law No. 5651 on the Regulation of Publications on the Internet and Combating Crimes Committed through Such Publications.<\/strong><\/p>\n<p data-start=\"2015\" data-end=\"2037\">According to this law:<\/p>\n<ul data-start=\"2038\" data-end=\"2320\">\n<li data-start=\"2038\" data-end=\"2157\">\n<p data-start=\"2040\" data-end=\"2157\">Cimcime3.com is <strong data-start=\"2056\" data-end=\"2071\">not obliged<\/strong> to monitor or verify the legality of user-submitted or embedded content in advance.<\/p>\n<\/li>\n<li data-start=\"2158\" data-end=\"2320\">\n<p data-start=\"2160\" data-end=\"2320\">However, if a <strong data-start=\"2174\" data-end=\"2203\">valid copyright complaint<\/strong> or legal notice is received, the relevant material will be <strong data-start=\"2263\" data-end=\"2283\">removed promptly<\/strong>, to the extent technically possible.<\/p>\n<\/li>\n<\/ul>\n<p data-start=\"2322\" data-end=\"2460\">\ud83d\udce7 For copyright or DMCA-related issues, please contact us at:<br data-start=\"2384\" data-end=\"2387\" \/><strong data-start=\"2387\" data-end=\"2460\"><a class=\"decorated-link cursor-pointer\" href=\"mailto:cimcimeiletisim@proton.me\" rel=\"noopener\" data-start=\"2389\" data-end=\"2458\">cimcimeiletisim@proton.me<\/a><\/strong><\/p>\n<p data-start=\"2462\" data-end=\"2581\">Cimcime3.com fully respects intellectual property rights and acts according to the <strong data-start=\"2545\" data-end=\"2570\">\u201cnotice and takedown\u201d<\/strong> principle.<\/p>\n","protected":false},"excerpt":{"rendered":"<p>\u2696\ufe0f Telif Haklar\u0131 \u2014 Cimcime3.com Cimcime3.com, 5651 say\u0131l\u0131 \u0130nternet Ortam\u0131nda Yap\u0131lan Yay\u0131nlar\u0131n D\u00fczenlenmesi ve Bu Yay\u0131nlar Yoluyla \u0130\u015flenen Su\u00e7larla M\u00fccadele Edilmesi Hakk\u0131nda Kanun kapsam\u0131nda yer sa\u011flay\u0131c\u0131 s\u0131fat\u0131yla faaliyet g\u00f6stermektedir. Bu yasa uyar\u0131nca; Cimcime3.com, bar\u0131nd\u0131rd\u0131\u011f\u0131 veya ba\u011flant\u0131 verdi\u011fi i\u00e7erikleri \u00f6nceden denetleme ya da hukuka ayk\u0131r\u0131l\u0131\u011f\u0131 ara\u015ft\u0131rma y\u00fck\u00fcml\u00fcl\u00fc\u011f\u00fcne sahip de\u011fildir. Ancak, telif hakk\u0131 ihlali veya hukuka ayk\u0131r\u0131 [&hellip;]<\/p>\n","protected":false},"author":5,"featured_media":0,"parent":0,"menu_order":0,"comment_status":"closed","ping_status":"closed","template":"","meta":{"footnotes":""},"class_list":["post-244","page","type-page","status-publish","hentry"],"yoast_head":"<!-- This site is optimized with the Yoast SEO plugin v26.3 - https:\/\/yoast.com\/wordpress\/plugins\/seo\/ -->\n<title>Telif Haklar\u0131 - Cimcime<\/title>\n<meta name=\"robots\" content=\"index, follow, max-snippet:-1, max-image-preview:large, max-video-preview:-1\" \/>\n<link rel=\"canonical\" href=\"https:\/\/cimcime92.com\/telif-haklari\/\" \/>\n<meta property=\"og:locale\" content=\"tr_TR\" \/>\n<meta property=\"og:type\" content=\"article\" \/>\n<meta property=\"og:title\" content=\"Telif Haklar\u0131 - Cimcime\" \/>\n<meta property=\"og:description\" content=\"\u2696\ufe0f Telif Haklar\u0131 \u2014 Cimcime3.com Cimcime3.com, 5651 say\u0131l\u0131 \u0130nternet Ortam\u0131nda Yap\u0131lan Yay\u0131nlar\u0131n D\u00fczenlenmesi ve Bu Yay\u0131nlar Yoluyla \u0130\u015flenen Su\u00e7larla M\u00fccadele Edilmesi Hakk\u0131nda Kanun kapsam\u0131nda yer sa\u011flay\u0131c\u0131 s\u0131fat\u0131yla faaliyet g\u00f6stermektedir. Bu yasa uyar\u0131nca; Cimcime3.com, bar\u0131nd\u0131rd\u0131\u011f\u0131 veya ba\u011flant\u0131 verdi\u011fi i\u00e7erikleri \u00f6nceden denetleme ya da hukuka ayk\u0131r\u0131l\u0131\u011f\u0131 ara\u015ft\u0131rma y\u00fck\u00fcml\u00fcl\u00fc\u011f\u00fcne sahip de\u011fildir. Ancak, telif hakk\u0131 ihlali veya hukuka ayk\u0131r\u0131 [&hellip;]\" \/>\n<meta property=\"og:url\" content=\"https:\/\/cimcime92.com\/telif-haklari\/\" \/>\n<meta property=\"og:site_name\" content=\"Cimcime\" \/>\n<meta property=\"article:modified_time\" content=\"2025-10-31T14:23:30+00:00\" \/>\n<meta property=\"og:image\" content=\"https:\/\/cimcime92.com\/wp-content\/uploads\/2025\/10\/cimcime-logo.png\" \/>\n\t<meta property=\"og:image:width\" content=\"1517\" \/>\n\t<meta property=\"og:image:height\" content=\"365\" \/>\n\t<meta property=\"og:image:type\" content=\"image\/png\" \/>\n<meta name=\"twitter:card\" content=\"summary_large_image\" \/>\n<script type=\"application\/ld+json\" class=\"yoast-schema-graph\">{\"@context\":\"https:\/\/schema.org\",\"@graph\":[{\"@type\":\"WebPage\",\"@id\":\"https:\/\/cimcime92.com\/telif-haklari\/\",\"url\":\"https:\/\/cimcime92.com\/telif-haklari\/\",\"name\":\"Telif Haklar\u0131 - Cimcime\",\"isPartOf\":{\"@id\":\"https:\/\/cimcime92.com\/#website\"},\"datePublished\":\"2025-06-24T18:59:55+00:00\",\"dateModified\":\"2025-10-31T14:23:30+00:00\",\"breadcrumb\":{\"@id\":\"https:\/\/cimcime92.com\/telif-haklari\/#breadcrumb\"},\"inLanguage\":\"tr\",\"potentialAction\":[{\"@type\":\"ReadAction\",\"target\":[\"https:\/\/cimcime92.com\/telif-haklari\/\"]}]},{\"@type\":\"BreadcrumbList\",\"@id\":\"https:\/\/cimcime92.com\/telif-haklari\/#breadcrumb\",\"itemListElement\":[{\"@type\":\"ListItem\",\"position\":1,\"name\":\"Anasayfa\",\"item\":\"https:\/\/cimcime92.com\/\"},{\"@type\":\"ListItem\",\"position\":2,\"name\":\"Telif Haklar\u0131\"}]},{\"@type\":\"WebSite\",\"@id\":\"https:\/\/cimcime92.com\/#website\",\"url\":\"https:\/\/cimcime92.com\/\",\"name\":\"Cimcime\",\"description\":\"T\u00fcrk if\u015fa - Porno izle - AltYaz\u0131l\u0131 Sex izle\",\"publisher\":{\"@id\":\"https:\/\/cimcime92.com\/#organization\"},\"potentialAction\":[{\"@type\":\"SearchAction\",\"target\":{\"@type\":\"EntryPoint\",\"urlTemplate\":\"https:\/\/cimcime92.com\/?s={search_term_string}\"},\"query-input\":{\"@type\":\"PropertyValueSpecification\",\"valueRequired\":true,\"valueName\":\"search_term_string\"}}],\"inLanguage\":\"tr\"},{\"@type\":\"Organization\",\"@id\":\"https:\/\/cimcime92.com\/#organization\",\"name\":\"Cimcime\",\"url\":\"https:\/\/cimcime92.com\/\",\"logo\":{\"@type\":\"ImageObject\",\"inLanguage\":\"tr\",\"@id\":\"https:\/\/cimcime92.com\/#\/schema\/logo\/image\/\",\"url\":\"https:\/\/cimcime92.com\/wp-content\/uploads\/2025\/10\/cimcime-logo.png\",\"contentUrl\":\"https:\/\/cimcime92.com\/wp-content\/uploads\/2025\/10\/cimcime-logo.png\",\"width\":1517,\"height\":365,\"caption\":\"Cimcime\"},\"image\":{\"@id\":\"https:\/\/cimcime92.com\/#\/schema\/logo\/image\/\"}}]}<\/script>\n<!-- \/ Yoast SEO plugin. -->","yoast_head_json":{"title":"Telif Haklar\u0131 - Cimcime","robots":{"index":"index","follow":"follow","max-snippet":"max-snippet:-1","max-image-preview":"max-image-preview:large","max-video-preview":"max-video-preview:-1"},"canonical":"https:\/\/cimcime92.com\/telif-haklari\/","og_locale":"tr_TR","og_type":"article","og_title":"Telif Haklar\u0131 - Cimcime","og_description":"\u2696\ufe0f Telif Haklar\u0131 \u2014 Cimcime3.com Cimcime3.com, 5651 say\u0131l\u0131 \u0130nternet Ortam\u0131nda Yap\u0131lan Yay\u0131nlar\u0131n D\u00fczenlenmesi ve Bu Yay\u0131nlar Yoluyla \u0130\u015flenen Su\u00e7larla M\u00fccadele Edilmesi Hakk\u0131nda Kanun kapsam\u0131nda yer sa\u011flay\u0131c\u0131 s\u0131fat\u0131yla faaliyet g\u00f6stermektedir. Bu yasa uyar\u0131nca; Cimcime3.com, bar\u0131nd\u0131rd\u0131\u011f\u0131 veya ba\u011flant\u0131 verdi\u011fi i\u00e7erikleri \u00f6nceden denetleme ya da hukuka ayk\u0131r\u0131l\u0131\u011f\u0131 ara\u015ft\u0131rma y\u00fck\u00fcml\u00fcl\u00fc\u011f\u00fcne sahip de\u011fildir. Ancak, telif hakk\u0131 ihlali veya hukuka ayk\u0131r\u0131 [&hellip;]","og_url":"https:\/\/cimcime92.com\/telif-haklari\/","og_site_name":"Cimcime","article_modified_time":"2025-10-31T14:23:30+00:00","og_image":[{"width":1517,"height":365,"url":"https:\/\/cimcime92.com\/wp-content\/uploads\/2025\/10\/cimcime-logo.png","type":"image\/png"}],"twitter_card":"summary_large_image","schema":{"@context":"https:\/\/schema.org","@graph":[{"@type":"WebPage","@id":"https:\/\/cimcime92.com\/telif-haklari\/","url":"https:\/\/cimcime92.com\/telif-haklari\/","name":"Telif Haklar\u0131 - Cimcime","isPartOf":{"@id":"https:\/\/cimcime92.com\/#website"},"datePublished":"2025-06-24T18:59:55+00:00","dateModified":"2025-10-31T14:23:30+00:00","breadcrumb":{"@id":"https:\/\/cimcime92.com\/telif-haklari\/#breadcrumb"},"inLanguage":"tr","potentialAction":[{"@type":"ReadAction","target":["https:\/\/cimcime92.com\/telif-haklari\/"]}]},{"@type":"BreadcrumbList","@id":"https:\/\/cimcime92.com\/telif-haklari\/#breadcrumb","itemListElement":[{"@type":"ListItem","position":1,"name":"Anasayfa","item":"https:\/\/cimcime92.com\/"},{"@type":"ListItem","position":2,"name":"Telif Haklar\u0131"}]},{"@type":"WebSite","@id":"https:\/\/cimcime92.com\/#website","url":"https:\/\/cimcime92.com\/","name":"Cimcime","description":"T\u00fcrk if\u015fa - Porno izle - AltYaz\u0131l\u0131 Sex izle","publisher":{"@id":"https:\/\/cimcime92.com\/#organization"},"potentialAction":[{"@type":"SearchAction","target":{"@type":"EntryPoint","urlTemplate":"https:\/\/cimcime92.com\/?s={search_term_string}"},"query-input":{"@type":"PropertyValueSpecification","valueRequired":true,"valueName":"search_term_string"}}],"inLanguage":"tr"},{"@type":"Organization","@id":"https:\/\/cimcime92.com\/#organization","name":"Cimcime","url":"https:\/\/cimcime92.com\/","logo":{"@type":"ImageObject","inLanguage":"tr","@id":"https:\/\/cimcime92.com\/#\/schema\/logo\/image\/","url":"https:\/\/cimcime92.com\/wp-content\/uploads\/2025\/10\/cimcime-logo.png","contentUrl":"https:\/\/cimcime92.com\/wp-content\/uploads\/2025\/10\/cimcime-logo.png","width":1517,"height":365,"caption":"Cimcime"},"image":{"@id":"https:\/\/cimcime92.com\/#\/schema\/logo\/image\/"}}]}},"_links":{"self":[{"href":"https:\/\/cimcime92.com\/index.php?rest_route=\/wp\/v2\/pages\/244","targetHints":{"allow":["GET"]}}],"collection":[{"href":"https:\/\/cimcime92.com\/index.php?rest_route=\/wp\/v2\/pages"}],"about":[{"href":"https:\/\/cimcime92.com\/index.php?rest_route=\/wp\/v2\/types\/page"}],"author":[{"embeddable":true,"href":"https:\/\/cimcime92.com\/index.php?rest_route=\/wp\/v2\/users\/5"}],"replies":[{"embeddable":true,"href":"https:\/\/cimcime92.com\/index.php?rest_route=%2Fwp%2Fv2%2Fcomments&post=244"}],"version-history":[{"count":3,"href":"https:\/\/cimcime92.com\/index.php?rest_route=\/wp\/v2\/pages\/244\/revisions"}],"predecessor-version":[{"id":1893,"href":"https:\/\/cimcime92.com\/index.php?rest_route=\/wp\/v2\/pages\/244\/revisions\/1893"}],"wp:attachment":[{"href":"https:\/\/cimcime92.com\/index.php?rest_route=%2Fwp%2Fv2%2Fmedia&parent=244"}],"curies":[{"name":"wp","href":"https:\/\/api.w.org\/{rel}","templated":true}]}}